p) = 2*p**3 - 9*p**2 + p - 11. Let t be h(5). Calculate the highest common divisor of v and t.
19
Suppose 4*w + 53 + 59 = 0. Let g = -18 - w. What is the highest common factor of g and 90?
10
Let g be (-80)/(-6) + 4/(-12). Suppose 0 = -5*y + k + 83 + g, 4*y = k + 76. Let n = 35 - 25. Calculate the highest common factor of y and n.
10
Let p(n) = n**2 - 2*n - 6. Let j be p(4). Let h be (-2 - -30) + -4 - j. What is the greatest common divisor of 22 and h?
22
Suppose -5*i + 758 = -762. Let x = -109 - -147. What is the highest common divisor of i and x?
38
Suppose -31 + 7 = -j + 2*o, -30 = -j - 4*o. Calculate the highest common factor of 624 and j.
26
Let l(y) = -y**2 + 2*y + 2. Let t be l(4). Let q be 3/t*6 + 7. Let j(p) = p**3 - 4*p**2 + 2. Let c be j(q). What is the greatest common divisor of c and 18?
2
Suppose 4*z + z = 540. Let q(j) = -j + 6. Let n be q(3). Suppose 20 - 84 = -4*l + 4*c, 52 = n*l - 4*c. What is the highest common factor of z and l?
12
Let r be 1741 - -3 - 36/9. What is the greatest common divisor of r and 58?
58
Let m = 112 + -105. What is the greatest common factor of m and 287?
7
Let v(r) be the second derivative of r**4/6 + r**3/6 + 6*r**2 + 3*r + 2. Let j be v(-4). What is the greatest common divisor of j and 8?
8
Suppose -2*c - 24 = -3*m - 7*c, 2*m + 6 = 4*c. Let k be 5/(3/((-6)/(-2))). Suppose -k*a = 23 - 188. What is the highest common divisor of a and m?
3
Let d = -2330 - -2682. What is the highest common factor of 64 and d?
32
Suppose 36 = 3*s - 9. Suppose 4*n - s = 3*n - 2*k, -5*n + 67 = 2*k. Calculate the highest common divisor of n and 299.
13
Suppose -2*m = -3*d + d + 74, 152 = 4*d - 2*m. Let b = 4 + -4. Suppose 2*p + 3*k - 20 = -b*k, -2*p = -k - 28. What is the greatest common factor of d and p?
13
Let r(g) = -g**3 + 8*g**2 - 2*g + 41. Let w be r(7). Calculate the greatest common divisor of 133 and w.
19
Let b = -101 - -181. What is the highest common factor of 20 and b?
20
Suppose 7*d - 486 = -388. What is the greatest common factor of d and 7?
7
Suppose -5*u + 10 = -0*u. Let d be 3*(-1)/u + 86/4. What is the greatest common divisor of d and 40?
20
Let u = 12 + -9. Suppose 0 = l - u*r - 5 - 16, 3*l + r = 113. Suppose -4*g = -g - l. What is the greatest common divisor of g and 6?
6
Let p(h) be the second derivative of 0*h**4 - 3/5*h**5 - 6*h - 1/2*h**2 - 1/3*h**3 + 0. Let s be p(-1). What is the highest common divisor of s and 91?
13
Let a = 97 + -61. What is the greatest common divisor of a and 180?
36
Suppose 4*z + 79 = 367. Let p(k) = 0 + 11 + 9*k + 15 - 10*k. Let v be p(8). What is the highest common factor of v and z?
18
Suppose 0 = 37*i - 3189 + 303. What is the highest common divisor of 54 and i?
6
Suppose 2*u = -4*t + 66, -4*u + 102 = -0*u + 2*t. What is the greatest common factor of u and 5?
1
Let w = -20 + 23. Suppose -w*x - 3*v + 151 = v, 5*v - 20 = 0. Calculate the highest common divisor of 15 and x.
15
Let x be 1 + -4 + 2*7/14. Let p be (18 - -10)/(1*(x + 4)). Calculate the greatest common factor of p and 2.
2
Suppose 3*r + 8 - 14 = 0, -2*r = 3*u - 130. Calculate the greatest common factor of 273 and u.
21
Let w(a) = -a**2 + 54*a + 246. Let j be w(58). Suppose -2*o + 119 = 35. Calculate the highest common factor of j and o.
14
Suppose 4*f + 3*o = -o + 88, 2*o + 52 = 2*f. Let q = -10 + f. Suppose 459*x = 451*x + 224. Calculate the highest common factor of q and x.
14
Let v be (-2 - 2 - 2)/(-1). Let b be (-3 + (-65)/(-10))*v. Calculate the highest common divisor of 7 and b.
7
Let t(y) = 12*y + 12. Suppose 2*f + 5*k - 2 = 0, 0 = -0*f - 5*f + 4*k + 38. Let s be t(f). Calculate the greatest common divisor of 14 and s.
14
Let o(r) = r**3 - 6*r**2 - 12*r + 5. Let x be o(8). What is the highest common divisor of 111 and x?
37
Let p be (-5808)/22*((-21)/6)/7. What is the greatest common factor of p and 594?
66
Let x be (-809)/(-2) + -8*12/192. Calculate the highest common divisor of 4 and x.
4
Suppose 0 = a + 1 - 4. Suppose -5 = -5*v, -v + 9 = y + a*y. What is the greatest common divisor of 10 and y?
2
Let p = 28 + -14. Let t(y) = 6*y**2 + 4*y - 1. Let o be t(-3). Let x = o - p. What is the highest common factor of x and 189?
27
Let t(s) be the first derivative of s**3/3 + 23*s**2/2 + 71*s + 32. Let x be t(-20). Let m = 93 - 49. Calculate the greatest common divisor of x and m.
11
Let a(p) be the second derivative of p**5/20 - 5*p**4/4 - 7*p**3/3 - p**2 - 24*p. Let s be a(16). What is the highest common divisor of 135 and s?
15
Suppose -j - 22 = -w - 10, -3*j = -2*w + 26. What is the greatest common divisor of w and 4?
2
Suppose -7*o + 317 = -124. Calculate the greatest common divisor of o and 231.
21
Let b(m) = 79*m**3 + 3*m**2 + 2*m + 1. Let w be b(-1). Let l = w + 95. What is the greatest common factor of l and 18?
18
Suppose 40 = 3*w - 4*g - 31, -5*g = -2*w + 59. What is the highest common divisor of 187 and w?
17
Let w = -41 - -46. Suppose 5*d + 4*r = 392 - 12, 0 = -w*r - 25. Suppose -3*i + 20 = -i. What is the greatest common factor of i and d?
10
Let j(d) = 2*d + 10. Let r(a) = -a. Let u(t) = j(t) - r(t). Let i be u(3). What is the highest common divisor of 209 and i?
19
Suppose 3*d = -0*d + 9. Let t be (28/6)/(d/(-9)*-2). What is the greatest common divisor of 14 and t?
7
Let k be 60/(-390) + 7414/26. Calculate the highest common factor of k and 60.
15
Let r(z) = 12*z - 3. Let h be r(2). Let a = 24 - h. Suppose -l = -f - 0*l + 104, a*f = l + 308. What is the greatest common factor of f and 68?
34
Let k = -2097 - -2174. Calculate the highest common factor of k and 55.
11
Let z(p) = 4*p - 59. Let g be z(20). Suppose -36 = -5*f + 4*h, 3*f - 5*h + 2 - g = 0. What is the highest common factor of f and 2?
2
Let v(r) = r**3 - 4*r**2 + 52*r + 1. Let m be v(5). Calculate the greatest common factor of m and 26.
26
Let p(l) = l - 11. Let k be p(15). Let m be -1 + k - 2 - -49. Let f = 24 + -4. What is the highest common divisor of m and f?
10
Suppose 70 = 4*n + 5*p - 3*p, -2*p - 6 = 0. Let t(u) = u + 1. Let l be t(2). Let d be (l + -1)*(7 + 31). Calculate the greatest common factor of d and n.
19
Suppose 0 = -4*r + 6*r + 72. Let z be (-2018)/(-9) + 8/r. What is the greatest common divisor of 28 and z?
28
Let y = 549 - 520. Calculate the highest common divisor of 58 and y.
29
Let q be 10*(4/(-26) + 34/52). Suppose 0*g = -q*g + 95. What is the highest common factor of g and 19?
19
Let q(u) = u**2 + 21*u + 136. Let w be q(-12). Calculate the highest common factor of w and 490.
14
Suppose 0 = 2*r + 2, 0 = -4*z + 5*r + 70 + 47. Suppose -57 + 9 = -2*u + 5*x, -5*u + 5*x + 90 = 0. What is the highest common divisor of u and z?
14
Let q(l) be the third derivative of -l**4/24 + 5*l**3/2 - 8*l**2. Let w be q(-11). Let d be (39/2)/(w/156). Calculate the highest common factor of 13 and d.
13
Suppose 3*p + 7 = -22*t + 17*t, p + 2*t + 3 = 0. Calculate the highest common factor of 2 and p.
1
Let m be (-5)/(-50) - ((-139)/10 + -2). Let c(v) = -91*v + 34*v - 31*v. Let a be c(-2). Calculate the greatest common factor of a and m.
16
Let g be (-121)/(-22)*1*6. Calculate the highest common divisor of 1221 and g.
33
Let c be 16/(-4) + -130 - -4. Suppose -2*t + 129 = -339. Let r = t + c. Calculate the highest common factor of 13 and r.
13
Suppose -4*l + 480 - 196 = -4*h, h = 4*l - 278. What is the highest common divisor of 529 and l?
23
Suppose 24 = k + 5*b, 0 = -11*k + 16*k - 2*b - 93. Let i = 196 - 25. What is the highest common divisor of k and i?
19
Let i be (99/(-6))/(-11)*26. What is the greatest common factor of 78 and i?
39
Let o be -2*((-368)/(-24))/(4/(-318)). What is the highest common factor of 106 and o?
106
Suppose 0 = 2*w - 2*q - 2, 3*w - 5*q = -5. Suppose -74 = w*t + 3*d - 294, 0 = -t + 5*d + 44. Calculate the highest common divisor of 4 and t.
4
Let u = -3 - 3. Let t(r) = 12*r + 10. Let d(y) = 4*y + 3. Let n(s) = 17*d(s) - 6*t(s). Let k be n(u). What is the highest common factor of k and 15?
15
Let i = 9 + -6. Let j = 2 + i. Suppose -35 = -j*g + 25. What is the greatest common divisor of g and 108?
12
Let h = 14 + -21. Let k(v) = v**3 + 7*v**2 - v - 4. Let n be k(h). Suppose n*a - 62 - 16 = 0. Calculate the highest common factor of 78 and a.
26
Let g(l) = l - 2. Let v be g(-5). Let o = 1 - v. Suppose 0 = -3*d + 15,